7?
5
Calculate the remainder when 774 is divided by 193.
2
What is the remainder when 178 is divided by 63?
52
What is the remainder when 381 is divided by 12?
9
What is the remainder when 154 is divided by 42?
28
Calculate the remainder when 239 is divided by 43.
24
What is the remainder when 592 is divided by 65?
7
What is the remainder when 10576 is divided by 7?
6
Calculate the remainder when 314 is divided by 113.
88
Calculate the remainder when 89 is divided by 13.
11
What is the remainder when 12254 is divided by 18?
14
What is the remainder when 5731 is divided by 61?
58
Calculate the remainder when 539 is divided by 489.
50
What is the remainder when 508 is divided by 177?
154
Calculate the remainder when 596 is divided by 136.
52
What is the remainder when 2680 is divided by 22?
18
What is the remainder when 170 is divided by 47?
29
What is the remainder when 119 is divided by 41?
37
What is the remainder when 5587 is divided by 22?
21
Calculate the remainder when 508 is divided by 9.
4
What is the remainder when 87 is divided by 44?
43
Calculate the remainder when 2911 is divided by 14.
13
What is the remainder when 551 is divided by 92?
91
What is the remainder when 983 is divided by 33?
26
Calculate the remainder when 154 is divided by 54.
46
What is the remainder when 2227 is divided by 217?
57
What is the remainder when 496 is divided by 84?
76
What is the remainder when 155 is divided by 28?
15
What is the remainder when 669 is divided by 46?
25
What is the remainder when 12127 is divided by 8?
7
Calculate the remainder when 77 is divided by 35.
7
What is the remainder when 1197 is divided by 12?
9
Calculate the remainder when 237 is divided by 60.
57
What is the remainder when 209 is divided by 24?
17
What is the remainder when 94 is divided by 73?
21
What is the remainder when 872 is divided by 19?
17
What is the remainder when 116 is divided by 27?
8
What is the remainder when 312 is divided by 5?
2
What is the remainder when 278 is divided by 28?
26
What is the remainder when 4046 is divided by 176?
174
Calculate the remainder when 424 is divided by 10.
4
Calculate the remainder when 281 is divided by 19.
15
Calculate the remainder when 1915 is divided by 636.
7
Calculate the remainder when 343 is divided by 155.
33
What is the remainder when 139 is divided by 41?
16
What is the remainder when 1694 is divided by 283?
279
What is the remainder when 18885 is divided by 9438?
9
Calculate the remainder when 156 is divided by 14.
2
What is the remainder when 1354 is divided by 90?
4
Calculate the remainder when 426 is divided by 299.
127
What is the remainder when 129 is divided by 36?
21
Calculate the remainder when 3742 is divided by 248.
22
Calculate the remainder when 620 is divided by 23.
22
What is the remainder when 260 is divided by 47?
25
Calculate the remainder when 194 is divided by 51.
41
What is the remainder when 550 is divided by 2?
0
Calculate the remainder when 2613 is divided by 34.
29
Calculate the remainder when 898 is divided by 31.
30
What is the remainder when 18 is divided by 11?
7
Calculate the remainder when 1361 is divided by 37.
29
Calculate the remainder when 152 is divided by 137.
15
Calculate the remainder when 33 is divided by 31.
2
What is the remainder when 4689 is divided by 67?
66
Calculate the remainder when 127 is divided by 66.
61
What is the remainder when 3210 is divided by 92?
82
Calculate the remainder when 409 is divided by 42.
31
What is the remainder when 268 is divided by 125?
18
Calculate the remainder when 105 is divided by 33.
6
Calculate the remainder when 12 is divided by 9.
3
Calculate the remainder when 1515 is divided by 14.
3
What is the remainder when 12408 is divided by 73?
71
What is the remainder when 85 is divided by 13?
7
What is the remainder when 4782 is divided by 319?
316
What is the remainder when 16 is divided by 11?
5
What is the remainder when 190 is divided by 4?
2
What is the remainder when 264 is divided by 38?
36
What is the remainder when 237 is divided by 227?
10
What is the remainder when 1711 is divided by 132?
127
Calculate the remainder when 219 is divided by 25.
19
Calculate the remainder when 1776 is divided by 31.
9
What is the remainder when 3042 is divided by 377?
26
What is the remainder when 601 is divided by 287?
27
Calculate the remainder when 68 is divided by 9.
5
Calculate the remainder when 622 is divided by 202.
16
What is the remainder when 386 is divided by 206?
180
What is the remainder when 4675 is divided by 28?
27
What is the remainder when 649 is divided by 73?
65
Calculate the remainder when 195 is divided by 186.
9
What is the remainder when 204 is divided by 56?
36
Calculate the remainder when 85 is divided by 67.
18
Calculate the remainder when 589 is divided by 16.
13
Calculate the remainder when 1896 is divided by 100.
96
Calculate the remainder when 798 is divided by 211.
165
Calculate the remainder when 78 is divided by 37.
4
What is the remainder when 163 is divided by 33?
31
What is the remainder when 1999 is divided by 80?
79
What is the remainder when 182 is divided by 37?
34
Calculate the remainder when 1147 is divided by 567.
13
What is the remainder when 1015 is divided by 223?
123
What is the remainder when 556 is divided by 70?
66
What is the remainder when 261 is divided by 67?
60
What is the remainder when 7719 is divided by 26?
23
What is the remainder when 422 is divided by 64?
38
What is the remainder when 552 is divided by 177?
21
Calculate the remainder when 26597 is divided by 143.
142
What is the remainder when 3474 is divided by 288?
18
Calculate the remainder when 144 is divided by 54.
36
What is the remainder when 524 is divided by 511?
13
Calculate the remainder when 1303 is divided by 24.
7
Calculate the remainder when 11752 is divided by 11743.
9
Calculate the remainder when 13752 is divided by 15.
12
What is the remainder when 86 is divided by 34?
18
What is the remainder when 379 is divided by 303?
76
Calculate the remainder when 51 is divided by 9.
6
What is the remainder when 205 is divided by 23?
21
Calculate the remainder when 135 is divided by 6.
3
What is the remainder when 128 is divided by 48?
32
Calculate the remainder when 288 is divided by 6.
0
Calculate the remainder when 76 is divided by 4.
0
What is the remainder when 6550 is divided by 6?
4
Calculate the remainder when 88 is divided by 15.
13
Calculate the remainder when 1243 is divided by 207.
1
Calculate the remainder when 1351 is divided by 33.
31
What is the remainder when 67 is divided by 2?
1
Calculate the remainder when 26 is divided by 2.
0
Calculate the remainder when 117 is divided by 3.
0
What is the remainder when 184 is divided by 14?
2
Calculate the remainder when 347 is divided by 35.
32
Calculate the remainder when 495 is divided by 114.
39
Calculate the remainder when 16702 is divided by 64.
62
What is the remainder when 262 is divided by 97?
68
What is the remainder when 131 is divided by 38?
17
Calculate the remainder when 343 is divided by 114.
1
What is the remainder when 605 is divided by 68?
61
What is the remainder when 54 is divided by 6?
0
Calculate the remainder when 204 is divided by 107.
97
What is the remainder when 12716 is divided by 106?
102
What is the remainder when 718 is divided by 151?
114
What is the remainder when 284 is divided by 10?
4
What is the remainder when 3967 is divided by 399?
376
What is the remainder when 310 is divided by 78?
76
What is the remainder when 280 is divided by 127?
26
Calculate the remainder when 62 is divided by 13.
10
What is the remainder when 494 is divided by 94?
24
Calculate the remainder when 281 is divided by 240.
41
What is the remainder when 255 is divided by 149?
106
What is the remainder when 108 is divided by 28?
24
What is the remainder when 5293 is divided by 52?
41
Calculate the remainder when 1436 is divided by 110.
6
Calculate the remainder when 1299 is divided by 100.
99
What is the remainder when 12307 is divided by 76?
71
What is the remainder when 891 is divided by 879?
12
What is the remainder when 1631 is divided by 30?
11
Calculate the remainder when 67 is divided by 20.
7
Calculate the remainder when 343 is divided by 90.
73
Calculate t